54 = -5*y, -4*y + s + 80 = 0. Suppose -z = -4 - y. What is the tens digit of z?
2
Suppose -2*t + 52126 = y + 7705, 3*y = 3*t - 66663. What is the hundreds digit of t?
2
Let v(w) = w**3 + 35*w**2 - 60*w - 91. Let p be v(-34). Suppose -3*a - 2*q - 1142 = -p, 4*a - 5*q = 2648. What is the hundreds digit of a?
6
Let z(p) = -207 + 8*p**2 + 5*p - 2*p**2 + 212 - p**2. Let w be z(-2). What is the units digit of (-242)/55*-1*w?
6
Suppose 21*g - 27537 = 152790. What is the hundreds digit of g?
5
Let s(c) = 4*c**3 + 7*c**2 + 24*c + 9. Let p be s(-10). What is the units digit of p/(-5) + ((-85)/17)/25?
6
Let f = 5 + -1. Suppose -5 = -5*c - h + 2*h, 4*h - 2 = -2*c. What is the tens digit of 9/(-18) + 302/f*c?
7
Let v = 80 + 249. Suppose -k + 345 = 3*i, -k + 4*i = 3*i - v. What is the hundreds digit of k?
3
Let g = 1436 - -10069. What is the ten thousands digit of g?
1
Let l be 8/(26/195*(-5)/(-6)). Suppose 0 = -b + 651 - l. What is the units digit of b?
9
Let u = -13031 + 25247. What is the thousands digit of u?
2
Let k(p) = 42*p + 122. Let b be k(-9). Let n(z) = z**2 + 2*z - 1. Let m be n(-2). What is the tens digit of 12/9 + m - b/6?
4
Suppose 0 = 4*v - 3*g - 3844, -g - 3852 = 2*v - 6*v. Let z = -600 + v. What is the hundreds digit of z?
3
Let p be (8 - 3)*-46*1 + 3. Let q = p + 690. What is the hundreds digit of q?
4
Let f(d) = 2*d**3 + 2*d**2 - d + 11. Let c(q) = -2*q**3 + q - 10. Let v(i) = -3*c(i) - 2*f(i). What is the tens digit of v(4)?
6
Let g = -4 - -8. Suppose -275*y + 269*y = 114. What is the tens digit of (y/(-6) + 6/g)*21?
9
Let d be (-1851)/(-18) - (-15)/90. Let x = d - -489. What is the tens digit of x?
9
Let c(d) = -35*d + 6. Let g be (12/(-10))/((-9)/(-30)). Let o be c(g). Let a = o - 81. What is the tens digit of a?
6
Let y(j) be the third derivative of 0 + 0*j**3 - 1/120*j**6 + 0*j**4 + 0*j + 16*j**2 + 1/12*j**5. What is the tens digit of y(4)?
1
Let o(l) = 2*l**2 - 36*l + 4. Let k be o(18). Suppose k*n - 522 = v, -2*n + 5*v = n - 400. Suppose 3*j = j + n. What is the units digit of j?
5
Let x = -106 - -119. What is the tens digit of 4 - x*3*112/(-6)?
3
Let v be (16/6)/((-4)/6). Let p be -1 - ((-2 + -2)/v - 5). What is the units digit of (2/p*-2)/(6/(-207))?
6
Let x(n) = -1056*n - 261. What is the ten thousands digit of x(-26)?
2
Suppose -20061 = -4*k + p, -14*k + 9*k + 4*p + 25090 = 0. What is the hundreds digit of k?
0
Suppose 266*b - 468551 - 506605 = 0. What is the thousands digit of b?
3
Let k(v) = -2*v**3 + 57*v**2 + 852*v - 15. What is the units digit of k(-16)?
7
What is the tens digit of 211811590/7398 - (-4)/54?
3
Suppose -4*g - 57*g + 320124 = 44587. What is the tens digit of g?
1
Let u = -256 - -226. What is the tens digit of u*((-4)/(-2) - 42/14)?
3
Suppose 743620 = 75*y - 739678 - 354202. What is the tens digit of y?
0
Suppose -7*w = -19851 - 52613. Suppose -w = 25*y - 33*y. What is the thousands digit of y?
1
Let n(k) = 60*k**3 - 144*k**2 + 3*k - 15. What is the hundreds digit of n(6)?
7
Let a = 19 - -401. What is the units digit of (-3)/(-9) - a/(-9)?
7
Suppose -16 = 4*o - 28. Suppose 224 = -o*l - 4*x - 4, 2*l + 3*x = -152. Let w = 39 - l. What is the tens digit of w?
1
Let t be 6/18 - (-1048)/6. Let s(r) = r**3 - 22*r**2 + 40*r + 5. Let u be s(20). Suppose u*f - t = v, f + 2*v - 7 = 17. What is the tens digit of f?
3
Let r(x) = 2*x**2 - 19*x - 6. Let s = -6 - -16. Let n be r(s). Suppose 6*u + n*u = 380. What is the tens digit of u?
3
What is the ten thousands digit of (44/8 - (-12)/8) + 0 + 24736?
2
Let q(v) = -61 + 57 - 28 - 55*v. What is the hundreds digit of q(-10)?
5
Let p = 2856 + -1650. Suppose 3*t - p = 1614. Suppose -2*a + 380 = -3*k, -5*a = -0*a - 5*k - t. What is the tens digit of a?
8
Suppose 0*h + 129 = -3*h - 3*t, h + 5*t = -63. Let v = -15 - h. Let a = v - -56. What is the units digit of a?
9
Suppose -26 - 4 = -5*g. What is the units digit of (-4 + g - -7) + (2 - 3)?
8
What is the hundreds digit of (-1 - 2441494/(-30)) + (-342)/2565?
3
Suppose 49*z - 7*z - 7*z = 742490. What is the hundreds digit of z?
2
Let t = 34 + -33. Suppose 3*n = -4*j + t, 1 = j + n - 0*n. What is the units digit of (j/4)/(-4*(-2)/(-1856))?
6
What is the hundreds digit of (-11 - (-28449)/36)*8?
2
Suppose -5*j - 5100 = 295. Let d = 2065 + j. What is the tens digit of d?
8
Suppose 588 = 4*h + 4*o, -40 - 523 = -4*h + o. Let m = -65 + h. Let v = m + -23. What is the units digit of v?
4
Let h(q) = -q**3 + 95*q**2 + 243*q + 72. What is the thousands digit of h(90)?
2
Let k(u) = -81*u**3 + u**2. Let d = -38 - -37. Let s be k(d). Let z = 177 - s. What is the units digit of z?
5
Let w(h) = -h**3 + 7*h**2 - 4*h - 4. Let j be w(6). Suppose a - 5*a + j = 0. Suppose -25 = 3*x + a*x, l - 5*x - 109 = 0. What is the tens digit of l?
8
Let b(w) = w**2 + 6*w. Let i be b(-6). Suppose -5*g - 5*y + 6480 = i, -4*y + 8479 = 5*g + 2000. What is the units digit of g?
5
Let b(i) = 6*i**3 - 5*i**2 - 7*i + 65. What is the ten thousands digit of b(13)?
1
Suppose -4*j = 2*o + 30, -4*j + o - 33 = 2*o. Let l(b) = 5*b**2 - 14*b - 7. Let s be l(j). Suppose -2*q - s = -6*q. What is the units digit of q?
1
Let z be ((-7)/((-35)/(-2)))/((-6)/15). What is the units digit of 0 - z/(-1) - (-5 + 1)?
5
Suppose -4*g = -0*g - 2*o - 32, o - 32 = -4*g. Let s be (-2 - 1) + g - 7. What is the units digit of (10/s)/(-5)*5?
5
Suppose 0 = 15*p + 4*p + 95. Let a(u) = 5*u**2 + 6*u + 5. What is the hundreds digit of a(p)?
1
Let q = 61 + -56. Suppose -p = 5*w - 6*p, 5*w = -q*p - 10. What is the units digit of (12/(-4) - w) + 128?
6
Suppose -54*z - 18 = -51*z, -3*w + z = -31443. What is the thousands digit of w?
0
What is the tens digit of (-14557280)/(-480) + 6/(-9)?
2
What is the tens digit of 2*(14/217 + (-1332990)/(-1116))?
8
Let s(j) = 121*j**3 - 2*j**2 + 69*j - 75. What is the ten thousands digit of s(9)?
8
What is the units digit of 9*6957/45 - (111/15 - 7)?
1
Suppose -79 = 6*t - 397. Let f = 85 - t. Let p = f - -17. What is the tens digit of p?
4
Suppose -5*h + 7*h = -10*h. Suppose s - 3*g - 125 = 102, h = -5*s + 4*g + 1113. What is the tens digit of s?
2
Let r(l) = -l**3 + 15*l**2 + 35*l - 18. Let p be r(17). What is the hundreds digit of 1 - (p/(-6) + (-2078)/12)?
1
Suppose m + 4*j + 4 = 0, -m + 1 + 11 = -4*j. Suppose 2*b + 5*g - 987 = -0*b, 1941 = m*b - g. What is the tens digit of b?
8
Let t(v) = -v**2 + 27*v - 118. Let s be t(21). Suppose -p - 3353 = -s*p. What is the units digit of p?
9
Let b = -5866 - -11446. What is the hundreds digit of b?
5
Suppose 45*g - 83 = 52. What is the units digit of (-4)/(8/g)*(1 + -223)?
3
Let q(v) = -715*v**3 + 8*v**2 + 7*v + 4. What is the hundreds digit of q(-2)?
7
Let q(i) = 100*i**2 + 67*i - 139. What is the units digit of q(2)?
5
What is the thousands digit of ((-4800)/1400)/(3 - 39022/13006)?
1
Suppose f + 3*n = 6*f - 920, -4*n = 2*f - 394. Let g = f - 32. What is the tens digit of g?
5
Let g = -1826 - -627. Let d = 2030 + g. What is the units digit of d?
1
Let o(y) = 36*y**2 + 5*y - 3. Let v be o(-4). Suppose 0 = 2*t + v + 15. What is the units digit of t/(-8) + (-3)/(-6)?
6
Let k(w) = w**3 - 3*w**2 - 6*w + 24. Let y be k(7). Let h = y - 68. What is the hundreds digit of h?
1
Let c(w) = -w**2 + 4*w - 12. Let g be c(10). Suppose -5*f + 3*j - 1442 = 0, -5*j = -4*f - 0*f - 1164. Let d = g - f. What is the hundreds digit of d?
2
Let k = -23138 - -43606. What is the units digit of k?
8
Let v = 228 - 277. What is the thousands digit of -1 - 12168/(-10) - v/245?
1
Let d be -1 + (-10)/(-20) + 230/(-4). Let w = d - -67. What is the hundreds digit of (0 + (w/(-3) - -8))*35?
1
Let b(g) = 1630*g - 19876. What is the ten thousands digit of b(26)?
2
Let v(j) = -j**3 - 4*j**2 - 4*j - 3. Let i be v(-3). Let o be (-1 + 1)/(i - -7 - 5). Suppose 5*u - y - 25 = -o, 4*y = -5*u + 25. What is the units digit of u?
5
Suppose -19 - 30 = -7*j + 28. What is the units digit of j?
1
Suppose -3*c = -n - n + 1770, 4*c = 5*n - 4418. Suppose -4*t - 2*k = -3492, -2*t - 5*k + n = -t. What is the units digit of t?
2
Suppose -183*p = 33*p - 10460232. What is the tens digit of p?
2
Suppose -5*n + g - 3*g + 106804 = 0, 0 = -2*n + 5*g + 42710. What is the units digit of n?
0
Let v = -13 + 48. Let q be (7/(v/(-10)))/(-2). What is the tens digit of 3*((-166)/(-6) - q)?
8
Su